{"id":1889,"date":"2025-06-06T11:31:48","date_gmt":"2025-06-06T11:31:48","guid":{"rendered":"https:\/\/college-st-michel.info\/wp\/?page_id=1889"},"modified":"2025-12-02T11:45:49","modified_gmt":"2025-12-02T11:45:49","slug":"boost-etude","status":"publish","type":"page","link":"https:\/\/college-st-michel.info\/wp\/boost-etude\/","title":{"rendered":"Boost-\u00e9tude"},"content":{"rendered":"<p><img loading=\"lazy\" decoding=\"async\" class=\"wp-image-1795 alignleft\" src=\"https:\/\/college-st-michel.info\/wp\/wp-content\/uploads\/2024\/06\/logo.png\" alt=\"Boost-\u00e9tude\" width=\"395\" height=\"371\" srcset=\"https:\/\/college-st-michel.info\/wp\/wp-content\/uploads\/2024\/06\/logo.png 943w, https:\/\/college-st-michel.info\/wp\/wp-content\/uploads\/2024\/06\/logo-300x282.png 300w, https:\/\/college-st-michel.info\/wp\/wp-content\/uploads\/2024\/06\/logo-768x722.png 768w\" sizes=\"auto, (max-width: 395px) 100vw, 395px\" \/><\/p>\n<p><span style=\"font-weight: 400;\">Le Coll\u00e8ge Saint-Michel propose \u00e0 ses \u00e9l\u00e8ves du secondaire une formule unique d\u2019accompagnement aux devoirs, encadr\u00e9e par des professeurs, directement au sein de l\u2019\u00e9cole.<\/span><\/p>\n<p><span style=\"font-weight: 400;\">Notre \u00e9cole des devoirs,<\/span><b> Boost-\u00c9tude<\/b><span style=\"font-weight: 400;\">, a pour mission de :<\/span><\/p>\n<ul>\n<li style=\"font-weight: 400;\" aria-level=\"1\"><span style=\"font-weight: 400;\">Offrir un cadre de travail serein, structur\u00e9 et propice \u00e0 la concentration (sans GSM, sans jeux, un \u00e9l\u00e8ve par bureau, etc.)<\/span><\/li>\n<li style=\"font-weight: 400;\" aria-level=\"1\"><span style=\"font-weight: 400;\">Accompagner les \u00e9l\u00e8ves dans <\/span><b>l\u2019organisation de leur travail<\/b><span style=\"font-weight: 400;\"> et la <\/span><b>gestion de leur temps<\/b><\/li>\n<li style=\"font-weight: 400;\" aria-level=\"1\"><span style=\"font-weight: 400;\">Encourager le <\/span><b>sens de l\u2019effort<\/b><span style=\"font-weight: 400;\"> et aider \u00e0 surmonter les difficult\u00e9s rencontr\u00e9es<\/span><\/li>\n<li style=\"font-weight: 400;\" aria-level=\"1\"><span style=\"font-weight: 400;\">Conseiller les \u00e9l\u00e8ves afin de leur permettre de devenir <\/span><b>autonomes<\/b><span style=\"font-weight: 400;\"> dans leurs apprentissages et d\u2019utiliser efficacement les outils \u00e0 leur disposition.<\/span><\/li>\n<\/ul>\n<p><span style=\"font-weight: 400;\"><strong>Boost-\u00c9tude<\/strong> est organis\u00e9e les jours suivants :<\/span><\/p>\n<p><b>Lundi<\/b><span style=\"font-weight: 400;\"> de 16h \u00e0 17h30<\/span><\/p>\n<p><b>Mardi<\/b><span style=\"font-weight: 400;\"> de 16h \u00e0 17h30<\/span><\/p>\n<p><b>Jeudi<\/b><span style=\"font-weight: 400;\"> de 16h \u00e0 17h30<\/span><\/p>\n<table style=\"width: 100% !important;\" border=\"1\" width=\"556\" cellspacing=\"0\">\n<tbody>\n<tr style=\"color: #ffffff;\" bgcolor=\"#0F9ED5\">\n<td style=\"text-align: center;\" width=\"83\"><strong>Jour<\/strong><\/td>\n<td style=\"text-align: center;\" width=\"83\"><strong>Horaire<\/strong><\/td>\n<td style=\"text-align: center;\" width=\"131\"><strong>Prix p\u00e9riode 2<\/strong><br \/>\nSeptembre &#8211; D\u00e9cembre<\/td>\n<td style=\"text-align: center;\" width=\"131\"><strong>Prix p\u00e9riode 2<\/strong><br \/>\nJanvier &#8211; Juin<\/td>\n<\/tr>\n<tr>\n<td style=\"text-align: center;\" width=\"83\">LUNDI<\/td>\n<td style=\"text-align: center;\" width=\"83\">16h &#8211; 17h30<\/td>\n<td style=\"text-align: center;\" width=\"131\">100 \u20ac<\/td>\n<td style=\"text-align: center;\" width=\"131\">150 \u20ac<\/td>\n<\/tr>\n<tr>\n<td style=\"text-align: center;\" width=\"83\">MARDI<\/td>\n<td style=\"text-align: center;\" width=\"83\">16h &#8211; 17h30<\/td>\n<td style=\"text-align: center;\" width=\"131\">100 \u20ac<\/td>\n<td style=\"text-align: center;\" width=\"131\">150 \u20ac<\/td>\n<\/tr>\n<tr>\n<td style=\"text-align: center;\" width=\"83\">JEUDI<\/td>\n<td style=\"text-align: center;\" width=\"83\">16h &#8211; 17h30<\/td>\n<td style=\"text-align: center;\" width=\"131\">100 \u20ac<\/td>\n<td style=\"text-align: center;\" width=\"131\">150 \u20ac<\/td>\n<\/tr>\n<\/tbody>\n<\/table>\n<p><span style=\"font-weight: 400;\">Les inscriptions pour la <strong>p\u00e9riode 2<\/strong> seront ouvertes \u00e0 partir du <strong>lundi 08\/12\/2025<\/strong>, via la plateforme <strong>iClub<\/strong>, et resteront ouvertes jusqu\u2019au <strong>dimanche 04\/01\/2026<\/strong>.<br \/>\n<\/span><\/p>\n<p><span style=\"font-weight: 400;\">Pour toute inscription en cours d\u2019ann\u00e9e, veuillez contacter le service parascolaire \u00e0 l\u2019adresse suivante : <a href=\"mailto:parascolaire@college-st-michel.be\">parascolaire@college-st-michel.be<\/a><\/span><\/p>\n<hr \/>\n<p><b><i>Comment s\u2019inscrire ?<\/i><\/b><\/p>\n<ol>\n<li style=\"font-weight: 400;\" aria-level=\"1\"><span style=\"font-weight: 400;\">Rendez-vous sur la plateforme <\/span><a href=\"https:\/\/www8.iclub.be\/register.asp?ClubID=702&amp;LG=FR&amp;action2=Home\"><span style=\"font-weight: 400;\">iClub<\/span><\/a><\/li>\n<li style=\"font-weight: 400;\" aria-level=\"1\"><span style=\"font-weight: 400;\">Cr\u00e9ez un <\/span><b>compte familial MyParaCSM<\/b><span style=\"font-weight: 400;\"> (utilis\u00e9 pour toutes les activit\u00e9s parascolaires du Coll\u00e8ge) via un <\/span><span style=\"font-weight: 400;\">ordinateur<\/span><span style=\"font-weight: 400;\">. Ce compte comprendra un profil adulte ainsi que les enfants inscrits au Coll\u00e8ge.<\/span><\/li>\n<li style=\"font-weight: 400;\" aria-level=\"1\"><span style=\"font-weight: 400;\">Vous devrez :<\/span>\n<ul>\n<li style=\"font-weight: 400;\" aria-level=\"2\"><span style=\"font-weight: 400;\">Cr\u00e9er un <\/span><b>profil adulte<\/b><span style=\"font-weight: 400;\"> pour valider votre consentement RGPD et encoder votre num\u00e9ro de registre national (n\u00e9cessaire pour les attestations fiscales \u2013 frais de garde jusqu\u2019\u00e0 14 ans)<\/span><\/li>\n<li style=\"font-weight: 400;\" aria-level=\"2\"><span style=\"font-weight: 400;\">V\u00e9rifier et compl\u00e9ter les <\/span><b>informations personnelles de votre enfant<\/b><\/li>\n<\/ul>\n<\/li>\n<li style=\"font-weight: 400;\" aria-level=\"1\"><span style=\"font-weight: 400;\">Acc\u00e9dez ensuite \u00e0 la rubrique <\/span><b>INSCRIPTION &gt; INSCRIPTIONS BOOST-ETUDE<\/b><\/li>\n<li style=\"font-weight: 400;\" aria-level=\"1\"><span style=\"font-weight: 400;\">Choisissez le ou les jours souhait\u00e9s et s\u00e9lectionnez le niveau scolaire de votre enfant :<\/span>\n<ul>\n<li style=\"font-weight: 400;\" aria-level=\"2\"><span style=\"font-weight: 400;\">S1 : 1\u00e8re secondaire<\/span><\/li>\n<li style=\"font-weight: 400;\" aria-level=\"2\"><span style=\"font-weight: 400;\">S2 : 2e secondaire<\/span><\/li>\n<li style=\"font-weight: 400;\" aria-level=\"2\"><span style=\"font-weight: 400;\">S3 : 3e secondaire<\/span><\/li>\n<li style=\"font-weight: 400;\" aria-level=\"2\"><span style=\"font-weight: 400;\">S4 : 4e secondaire<\/span><\/li>\n<li style=\"font-weight: 400;\" aria-level=\"2\"><span style=\"font-weight: 400;\">S5 : 5e secondaire<\/span><\/li>\n<li style=\"font-weight: 400;\" aria-level=\"2\"><span style=\"font-weight: 400;\">S6 : Rh\u00e9to<\/span><\/li>\n<\/ul>\n<\/li>\n<li style=\"font-weight: 400;\" aria-level=\"1\"><span style=\"font-weight: 400;\">Proc\u00e9dez \u00e0 l\u2019inscription et au paiement en ligne.<\/span><\/li>\n<\/ol>\n<hr \/>\n<p><strong>Infos pratiques\u00a0:<\/strong><\/p>\n<ul>\n<li style=\"font-weight: 400;\" aria-level=\"1\"><span style=\"font-weight: 400;\">Les s\u00e9ances ont lieu de 16h00 \u00e0 17h30.<\/span><\/li>\n<li style=\"font-weight: 400;\" aria-level=\"1\"><span style=\"font-weight: 400;\">Les s\u00e9ances de l\u2019\u00e9cole de devoirs d\u00e9buteront le <strong>lundi 05\/01\/2026<\/strong> jusqu\u2019au <strong>jeudi 11\/06\/2026<\/strong>. <\/span><\/li>\n<li style=\"font-weight: 400;\" aria-level=\"1\"><span style=\"font-weight: 400;\">Pour la premi\u00e8re s\u00e9ance, les \u00e9l\u00e8ves sont attendus \u00e0 16h00 en salle 1 pour un moment d\u2019accueil. Par la suite, chacun rejoindra directement le local qui lui aura \u00e9t\u00e9 attribu\u00e9.<\/span><\/li>\n<li style=\"font-weight: 400;\" aria-level=\"1\"><span style=\"font-weight: 400;\">Les changements de classe ne sont pas autoris\u00e9s sauf avec la validation d\u2019un professeur ou de Madame Anderson.<\/span><\/li>\n<li style=\"font-weight: 400;\" aria-level=\"1\"><span style=\"font-weight: 400;\">Aucun d\u00e9part anticip\u00e9 n\u2019est autoris\u00e9, sauf sur pr\u00e9sentation d\u2019un mot des parents dans le journal de classe ou le cahier de suivi.<\/span><\/li>\n<li style=\"font-weight: 400;\" aria-level=\"1\"><span style=\"font-weight: 400;\">La sortie se fait directement apr\u00e8s l\u2019\u00e9tude, via la cour des 2e et 3e ann\u00e9es, sans s\u2019attarder dans les couloirs.<\/span><\/li>\n<li style=\"font-weight: 400;\" aria-level=\"1\"><span style=\"font-weight: 400;\">L\u2019usage du GSM est strictement interdit pendant les s\u00e9ances.<\/span><\/li>\n<li style=\"font-weight: 400;\" aria-level=\"1\"><span style=\"font-weight: 400;\">Les \u00e9l\u00e8ves \u00e0 partir de la 3e secondaire sont autoris\u00e9s \u00e0 utiliser leur Chromebook personnel, uniquement \u00e0 des fins p\u00e9dagogiques.<\/span><\/li>\n<li style=\"font-weight: 400;\" aria-level=\"1\"><span style=\"font-weight: 400;\">La pr\u00e9sence est enregistr\u00e9e \u00e0 16h00. Toute absence sera signal\u00e9e aux parents par e-mail.<\/span><\/li>\n<li style=\"font-weight: 400;\" aria-level=\"1\"><span style=\"font-weight: 400;\">Les absences pr\u00e9vues (voyage scolaire, maladie, etc.) doivent \u00eatre communiqu\u00e9es \u00e0 Madame Anderson : <a href=\"mailto:parascolaire@college-st-michel.be\">parascolaire@college-st-michel.be<\/a><\/span><\/li>\n<li style=\"font-weight: 400;\" aria-level=\"1\"><span style=\"font-weight: 400;\">Le r\u00e8glement d\u2019ordre int\u00e9rieur du Coll\u00e8ge s\u2019applique pleinement durant les s\u00e9ances.<\/span><\/li>\n<li style=\"font-weight: 400;\" aria-level=\"1\"><span style=\"font-weight: 400;\">Boost-\u00e9tude se r\u00e9serve le droit d\u2019exclure, sans remboursement, tout \u00e9l\u00e8ve ne respectant pas le r\u00e8glement, faisant preuve de comportement inappropri\u00e9 ou ne s\u2019inscrivant pas dans une dynamique de travail.<\/span><\/li>\n<li style=\"font-weight: 400;\" aria-level=\"1\">Les s\u00e9ances sont suspendues lors des cong\u00e9s p\u00e9dagogiques et lors des portes ouvertes du Coll\u00e8ge (le mardi 13\/01\/2026).<\/li>\n<li style=\"font-weight: 400;\" aria-level=\"1\"><span style=\"font-weight: 400;\">Le planning est en cours de finalisation et sera communiqu\u00e9 prochainement.<\/span><\/li>\n<\/ul>\n<hr \/>\n<p><span style=\"font-weight: 400;\">Pour toute question ou information compl\u00e9mentaire, je reste \u00e0 votre disposition par email :<\/span>\u00a0<a href=\"mailto:parascolaire@college-st-michel.be\"><span style=\"font-weight: 400;\">parascolaire@college-st-michel.be<\/span><\/a><\/p>\n<p><span style=\"font-weight: 400;\">Bien cordialement<br \/>\n<\/span><img loading=\"lazy\" decoding=\"async\" class=\"wp-image-1885 alignnone\" src=\"https:\/\/college-st-michel.info\/wp\/wp-content\/uploads\/2024\/06\/Rouge-et-Blanc-Simple-Sante-Icones-Medical-Carte-de-visite.png\" alt=\"\" width=\"376\" height=\"137\" srcset=\"https:\/\/college-st-michel.info\/wp\/wp-content\/uploads\/2024\/06\/Rouge-et-Blanc-Simple-Sante-Icones-Medical-Carte-de-visite.png 976w, https:\/\/college-st-michel.info\/wp\/wp-content\/uploads\/2024\/06\/Rouge-et-Blanc-Simple-Sante-Icones-Medical-Carte-de-visite-300x109.png 300w, https:\/\/college-st-michel.info\/wp\/wp-content\/uploads\/2024\/06\/Rouge-et-Blanc-Simple-Sante-Icones-Medical-Carte-de-visite-768x280.png 768w\" sizes=\"auto, (max-width: 376px) 100vw, 376px\" \/><\/p>\n","protected":false},"excerpt":{"rendered":"<div class=\"mh-excerpt\"><p>Le Coll\u00e8ge Saint-Michel propose \u00e0 ses \u00e9l\u00e8ves du secondaire une formule unique d\u2019accompagnement aux devoirs, encadr\u00e9e par des professeurs, directement au sein de l\u2019\u00e9cole. Notre <a class=\"mh-excerpt-more\" href=\"https:\/\/college-st-michel.info\/wp\/boost-etude\/\" title=\"Boost-\u00e9tude\">[&#8230;]<\/a><\/p>\n<\/div>","protected":false},"author":3,"featured_media":0,"parent":0,"menu_order":0,"comment_status":"closed","ping_status":"closed","template":"","meta":{"footnotes":""},"class_list":["post-1889","page","type-page","status-publish","hentry"],"_links":{"self":[{"href":"https:\/\/college-st-michel.info\/wp\/wp-json\/wp\/v2\/pages\/1889","targetHints":{"allow":["GET"]}}],"collection":[{"href":"https:\/\/college-st-michel.info\/wp\/wp-json\/wp\/v2\/pages"}],"about":[{"href":"https:\/\/college-st-michel.info\/wp\/wp-json\/wp\/v2\/types\/page"}],"author":[{"embeddable":true,"href":"https:\/\/college-st-michel.info\/wp\/wp-json\/wp\/v2\/users\/3"}],"replies":[{"embeddable":true,"href":"https:\/\/college-st-michel.info\/wp\/wp-json\/wp\/v2\/comments?post=1889"}],"version-history":[{"count":9,"href":"https:\/\/college-st-michel.info\/wp\/wp-json\/wp\/v2\/pages\/1889\/revisions"}],"predecessor-version":[{"id":1946,"href":"https:\/\/college-st-michel.info\/wp\/wp-json\/wp\/v2\/pages\/1889\/revisions\/1946"}],"wp:attachment":[{"href":"https:\/\/college-st-michel.info\/wp\/wp-json\/wp\/v2\/media?parent=1889"}],"curies":[{"name":"wp","href":"https:\/\/api.w.org\/{rel}","templated":true}]}}

Boost-étude

<p><img loading="lazy" decoding="async" class="wp-image-1795 alignleft" src="https://college-st-michel.info/wp/wp-content/uploads/2024/06/logo.png" alt="Boost-étude" width="395" height="371" srcset="https://college-st-michel.info/wp/wp-content/uploads/2024/06/logo.png 943w, https://college-st-michel.info/wp/wp-content/uploads/2024/06/logo-300x282.png 300w, https://college-st-michel.info/wp/wp-content/uploads/2024/06/logo-768x722.png 768w" sizes="auto, (max-width: 395px) 100vw, 395px" /></p>
<p><span style="font-weight: 400;">Le Collège Saint-Michel propose à ses élèves du secondaire une formule unique d’accompagnement aux devoirs, encadrée par des professeurs, directement au sein de l’école.</span></p>
<p><span style="font-weight: 400;">Notre école des devoirs,</span><b> Boost-Étude</b><span style="font-weight: 400;">, a pour mission de :</span></p>
<ul>
<li style="font-weight: 400;" aria-level="1"><span style="font-weight: 400;">Offrir un cadre de travail serein, structuré et propice à la concentration (sans GSM, sans jeux, un élève par bureau, etc.)</span></li>
<li style="font-weight: 400;" aria-level="1"><span style="font-weight: 400;">Accompagner les élèves dans </span><b>l’organisation de leur travail</b><span style="font-weight: 400;"> et la </span><b>gestion de leur temps</b></li>
<li style="font-weight: 400;" aria-level="1"><span style="font-weight: 400;">Encourager le </span><b>sens de l’effort</b><span style="font-weight: 400;"> et aider à surmonter les difficultés rencontrées</span></li>
<li style="font-weight: 400;" aria-level="1"><span style="font-weight: 400;">Conseiller les élèves afin de leur permettre de devenir </span><b>autonomes</b><span style="font-weight: 400;"> dans leurs apprentissages et d’utiliser efficacement les outils à leur disposition.</span></li>
</ul>
<p><span style="font-weight: 400;"><strong>Boost-Étude</strong> est organisée les jours suivants :</span></p>
<p><b>Lundi</b><span style="font-weight: 400;"> de 16h à 17h30</span></p>
<p><b>Mardi</b><span style="font-weight: 400;"> de 16h à 17h30</span></p>
<p><b>Jeudi</b><span style="font-weight: 400;"> de 16h à 17h30</span></p>
<table style="width: 100% !important;" border="1" width="556" cellspacing="0">
<tbody>
<tr style="color: #ffffff;" bgcolor="#0F9ED5">
<td style="text-align: center;" width="83"><strong>Jour</strong></td>
<td style="text-align: center;" width="83"><strong>Horaire</strong></td>
<td style="text-align: center;" width="131"><strong>Prix période 2</strong><br />
Septembre &#8211; Décembre</td>
<td style="text-align: center;" width="131"><strong>Prix période 2</strong><br />
Janvier &#8211; Juin</td>
</tr>
<tr>
<td style="text-align: center;" width="83">LUNDI</td>
<td style="text-align: center;" width="83">16h &#8211; 17h30</td>
<td style="text-align: center;" width="131">100 €</td>
<td style="text-align: center;" width="131">150 €</td>
</tr>
<tr>
<td style="text-align: center;" width="83">MARDI</td>
<td style="text-align: center;" width="83">16h &#8211; 17h30</td>
<td style="text-align: center;" width="131">100 €</td>
<td style="text-align: center;" width="131">150 €</td>
</tr>
<tr>
<td style="text-align: center;" width="83">JEUDI</td>
<td style="text-align: center;" width="83">16h &#8211; 17h30</td>
<td style="text-align: center;" width="131">100 €</td>
<td style="text-align: center;" width="131">150 €</td>
</tr>
</tbody>
</table>
<p><span style="font-weight: 400;">Les inscriptions pour la <strong>période 2</strong> seront ouvertes à partir du <strong>lundi 08/12/2025</strong>, via la plateforme <strong>iClub</strong>, et resteront ouvertes jusqu’au <strong>dimanche 04/01/2026</strong>.<br />
</span></p>
<p><span style="font-weight: 400;">Pour toute inscription en cours d’année, veuillez contacter le service parascolaire à l’adresse suivante : <a href="mailto:parascolaire@college-st-michel.be">parascolaire@college-st-michel.be</a></span></p>
<hr />
<p><b><i>Comment s’inscrire ?</i></b></p>
<ol>
<li style="font-weight: 400;" aria-level="1"><span style="font-weight: 400;">Rendez-vous sur la plateforme </span><a href="https://www8.iclub.be/register.asp?ClubID=702&amp;LG=FR&amp;action2=Home"><span style="font-weight: 400;">iClub</span></a></li>
<li style="font-weight: 400;" aria-level="1"><span style="font-weight: 400;">Créez un </span><b>compte familial MyParaCSM</b><span style="font-weight: 400;"> (utilisé pour toutes les activités parascolaires du Collège) via un </span><span style="font-weight: 400;">ordinateur</span><span style="font-weight: 400;">. Ce compte comprendra un profil adulte ainsi que les enfants inscrits au Collège.</span></li>
<li style="font-weight: 400;" aria-level="1"><span style="font-weight: 400;">Vous devrez :</span>
<ul>
<li style="font-weight: 400;" aria-level="2"><span style="font-weight: 400;">Créer un </span><b>profil adulte</b><span style="font-weight: 400;"> pour valider votre consentement RGPD et encoder votre numéro de registre national (nécessaire pour les attestations fiscales – frais de garde jusqu’à 14 ans)</span></li>
<li style="font-weight: 400;" aria-level="2"><span style="font-weight: 400;">Vérifier et compléter les </span><b>informations personnelles de votre enfant</b></li>
</ul>
</li>
<li style="font-weight: 400;" aria-level="1"><span style="font-weight: 400;">Accédez ensuite à la rubrique </span><b>INSCRIPTION &gt; INSCRIPTIONS BOOST-ETUDE</b></li>
<li style="font-weight: 400;" aria-level="1"><span style="font-weight: 400;">Choisissez le ou les jours souhaités et sélectionnez le niveau scolaire de votre enfant :</span>
<ul>
<li style="font-weight: 400;" aria-level="2"><span style="font-weight: 400;">S1 : 1ère secondaire</span></li>
<li style="font-weight: 400;" aria-level="2"><span style="font-weight: 400;">S2 : 2e secondaire</span></li>
<li style="font-weight: 400;" aria-level="2"><span style="font-weight: 400;">S3 : 3e secondaire</span></li>
<li style="font-weight: 400;" aria-level="2"><span style="font-weight: 400;">S4 : 4e secondaire</span></li>
<li style="font-weight: 400;" aria-level="2"><span style="font-weight: 400;">S5 : 5e secondaire</span></li>
<li style="font-weight: 400;" aria-level="2"><span style="font-weight: 400;">S6 : Rhéto</span></li>
</ul>
</li>
<li style="font-weight: 400;" aria-level="1"><span style="font-weight: 400;">Procédez à l’inscription et au paiement en ligne.</span></li>
</ol>
<hr />
<p><strong>Infos pratiques :</strong></p>
<ul>
<li style="font-weight: 400;" aria-level="1"><span style="font-weight: 400;">Les séances ont lieu de 16h00 à 17h30.</span></li>
<li style="font-weight: 400;" aria-level="1"><span style="font-weight: 400;">Les séances de l’école de devoirs débuteront le <strong>lundi 05/01/2026</strong> jusqu’au <strong>jeudi 11/06/2026</strong>. </span></li>
<li style="font-weight: 400;" aria-level="1"><span style="font-weight: 400;">Pour la première séance, les élèves sont attendus à 16h00 en salle 1 pour un moment d’accueil. Par la suite, chacun rejoindra directement le local qui lui aura été attribué.</span></li>
<li style="font-weight: 400;" aria-level="1"><span style="font-weight: 400;">Les changements de classe ne sont pas autorisés sauf avec la validation d’un professeur ou de Madame Anderson.</span></li>
<li style="font-weight: 400;" aria-level="1"><span style="font-weight: 400;">Aucun départ anticipé n’est autorisé, sauf sur présentation d’un mot des parents dans le journal de classe ou le cahier de suivi.</span></li>
<li style="font-weight: 400;" aria-level="1"><span style="font-weight: 400;">La sortie se fait directement après l’étude, via la cour des 2e et 3e années, sans s’attarder dans les couloirs.</span></li>
<li style="font-weight: 400;" aria-level="1"><span style="font-weight: 400;">L’usage du GSM est strictement interdit pendant les séances.</span></li>
<li style="font-weight: 400;" aria-level="1"><span style="font-weight: 400;">Les élèves à partir de la 3e secondaire sont autorisés à utiliser leur Chromebook personnel, uniquement à des fins pédagogiques.</span></li>
<li style="font-weight: 400;" aria-level="1"><span style="font-weight: 400;">La présence est enregistrée à 16h00. Toute absence sera signalée aux parents par e-mail.</span></li>
<li style="font-weight: 400;" aria-level="1"><span style="font-weight: 400;">Les absences prévues (voyage scolaire, maladie, etc.) doivent être communiquées à Madame Anderson : <a href="mailto:parascolaire@college-st-michel.be">parascolaire@college-st-michel.be</a></span></li>
<li style="font-weight: 400;" aria-level="1"><span style="font-weight: 400;">Le règlement d’ordre intérieur du Collège s’applique pleinement durant les séances.</span></li>
<li style="font-weight: 400;" aria-level="1"><span style="font-weight: 400;">Boost-étude se réserve le droit d’exclure, sans remboursement, tout élève ne respectant pas le règlement, faisant preuve de comportement inapproprié ou ne s’inscrivant pas dans une dynamique de travail.</span></li>
<li style="font-weight: 400;" aria-level="1">Les séances sont suspendues lors des congés pédagogiques et lors des portes ouvertes du Collège (le mardi 13/01/2026).</li>
<li style="font-weight: 400;" aria-level="1"><span style="font-weight: 400;">Le planning est en cours de finalisation et sera communiqué prochainement.</span></li>
</ul>
<hr />
<p><span style="font-weight: 400;">Pour toute question ou information complémentaire, je reste à votre disposition par email :</span> <a href="mailto:parascolaire@college-st-michel.be"><span style="font-weight: 400;">parascolaire@college-st-michel.be</span></a></p>
<p><span style="font-weight: 400;">Bien cordialement<br />
</span><img loading="lazy" decoding="async" class="wp-image-1885 alignnone" src="https://college-st-michel.info/wp/wp-content/uploads/2024/06/Rouge-et-Blanc-Simple-Sante-Icones-Medical-Carte-de-visite.png" alt="" width="376" height="137" srcset="https://college-st-michel.info/wp/wp-content/uploads/2024/06/Rouge-et-Blanc-Simple-Sante-Icones-Medical-Carte-de-visite.png 976w, https://college-st-michel.info/wp/wp-content/uploads/2024/06/Rouge-et-Blanc-Simple-Sante-Icones-Medical-Carte-de-visite-300x109.png 300w, https://college-st-michel.info/wp/wp-content/uploads/2024/06/Rouge-et-Blanc-Simple-Sante-Icones-Medical-Carte-de-visite-768x280.png 768w" sizes="auto, (max-width: 376px) 100vw, 376px" /></p>

<div class="mh-excerpt"><p>Le Collège Saint-Michel propose à ses élèves du secondaire une formule unique d’accompagnement aux devoirs, encadrée par des professeurs, directement au sein de l’école. Notre <a class="mh-excerpt-more" href="https://college-st-michel.info/wp/boost-etude/" title="Boost-étude">[&#8230;]</a></p>
</div>
